2. Let f(b) = -5*n(b) - 3*y(b). Let c be f(-5). Let o = c - -1. List the prime factors of o.
41
What are the prime factors of ((-4)/6)/(3/(-1845))?
2, 5, 41
Let k be 3 - (2 + 47) - -2. Let w = k - -87. Suppose 3*q - 2*h + 0*h - w = 0, 2*h + 9 = q. List the prime factors of q.
17
Suppose 3*w + 3 - 14 = -4*n, -4*w - 2*n = -8. Suppose 7 = 4*x - w. List the prime factors of x/(-4)*(0 - 32).
2
Let o = -16 + -3. Let w = 12 + o. Let x(t) = -2*t - 6. List the prime factors of x(w).
2
Let w(d) be the second derivative of 2*d + 0 - 1/2*d**3 - 1/2*d**2 - 1/10*d**5 - 1/3*d**4. What are the prime factors of w(-2)?
5
Suppose 3 = -3*v + 4*a, 0*a + 5*a - 9 = 2*v. Suppose -111 = -v*d - 0*d. What are the prime factors of d?
37
Let r = 643 + -128. List the prime factors of r.
5, 103
What are the prime factors of ((-6)/10)/(2/(-1990)) + -5?
2, 37
Let f(u) = -2*u**2 + 16*u + 5. Let d be f(8). Suppose 4*k - k - 73 = -d*s, -3*k - 3*s = -69. What are the prime factors of k?
3, 7
Let p(v) = -29*v + 2. Let x be 5/(-2)*30/25. List the prime factors of p(x).
89
Suppose 0 = 119*g - 115*g - 2128. What are the prime factors of g?
2, 7, 19
Suppose 15*b - 301 = 14*b. List the prime factors of b.
7, 43
Suppose -9*c = 2*c - 4015. List the prime factors of c.
5, 73
Let t(p) = -2*p**2 + 11 - 3 + p**3 + 9*p**2 + 6*p. List the prime factors of t(-6).
2
Let g(h) = 3*h**2 + 6*h + 6. Let s(f) = -f**2 - 2*f - 2. Let k(l) = -4*g(l) - 11*s(l). Let t be k(-4). List the prime factors of (-5)/(t/48) + -3.
3, 7
Suppose 21*h - 24 = 15*h. List the prime factors of 2/(-5) - (h + 410/(-25)).
2, 3
Let g be (-2)/8 + (-52)/(-16). Suppose 0 = z - 4*b + 12, g*z - z = -2*b + 16. Suppose 11 = -3*a + z*a. What are the prime factors of a?
11
Suppose 5 = 5*h - 15, 4*g = -h - 76. Let n = -86 - -83. What are the prime factors of 5/(g/n)*52?
3, 13
Let j = 1255 + 652. What are the prime factors of j?
1907
Suppose 0 = -3*c + 3*o + 126 + 204, -c + 5*o = -102. Let p = c + -42. What are the prime factors of p?
2, 5, 7
Let b = 50 + -43. What are the prime factors of (-9 + b)/(2/(-79))?
79
Suppose -5*t + 2765 = -1830. List the prime factors of t.
919
Suppose y - 381 = -4*k, -2*y + 22 = -2*k - 790. List the prime factors of y.
401
What are the prime factors of ((1 - -1) + -2 - 8)/(-1)?
2
Suppose 0 = -693*h + 702*h - 2565. What are the prime factors of h?
3, 5, 19
Suppose -1150*f - 334 = -1151*f. What are the prime factors of f?
2, 167
Let y(z) = -z - 11. Let k be y(-13). What are the prime factors of k*(92/2 + -3)?
2, 43
List the prime factors of (5 + 45)/(3 - (-93)/(-33)).
5, 11
Let f be 2/(-3) + (-10)/3. Let d(m) = -19*m + 4. What are the prime factors of d(f)?
2, 5
Suppose -o = -4*h + o + 978, 5*h - 1245 = -2*o. What are the prime factors of h?
13, 19
Let b = -1002 + 1079. What are the prime factors of b?
7, 11
Let l = 9615 + -5418. List the prime factors of l.
3, 1399
Let v = 179 - -51. List the prime factors of v.
2, 5, 23
Let x = 905 + -1360. Let z = 659 + x. What are the prime factors of z?
2, 3, 17
Let h(l) = 273*l + 11. List the prime factors of h(2).
557
Let r be 0/((-7)/((-35)/10)). Suppose 3*q + k - 690 = -q, 5*q + k - 863 = r. List the prime factors of q.
173
Let f(i) = 2 - 9*i + 9 + 24*i. Let r be f(-8). Let s = r + 169. What are the prime factors of s?
2, 3, 5
List the prime factors of -1*((-25)/(-5) - 288).
283
Let y be 232 + -4 + 7 + 0. Suppose 0 = 4*p + 4*u - 5*u - y, 5*u = -2*p + 123. What are the prime factors of p?
59
Suppose -19 + 28 = 3*g, -3*h + 2829 = -2*g. List the prime factors of h.
3, 5, 7
Suppose -4*r = -2*r - 4. List the prime factors of 15/3 + -5 + r.
2
Suppose 6*b - 4276 = 3398. What are the prime factors of b?
1279
Suppose 3*p = -0*p + 180. Let w = -100 + p. List the prime factors of 3 - w - (-3)/3.
2, 11
Let x = 16 + -11. Suppose -x*g = -g - 400. What are the prime factors of (g/(-30))/(2/(-9))?
3, 5
Suppose 0 = h + z + 86, 4*z + 34 = -h - 49. Let o = -60 - h. List the prime factors of o.
3
Suppose -4*c + 20 = -20. Let d = -5 + c. Suppose -d = -j + 42. What are the prime factors of j?
47
Let f(b) be the second derivative of b**4/6 - 23*b**3/6 + 9*b**2 + 6*b. What are the prime factors of f(15)?
3, 41
Suppose -z - 3*m = 3, 3*z - 11*m + 10*m - 1 = 0. Suppose -4*h - 4*j = -488, 7*j - 3*j + 16 = z. What are the prime factors of h?
2, 3, 7
Suppose 19*y - 74823 = -2*y. List the prime factors of y.
7, 509
Let v(k) = k**2 + 2*k - 6. Let r be v(7). Suppose -48 = -3*b + r. List the prime factors of b.
5, 7
Suppose -3*p + 14*q = 11*q - 10905, 10898 = 3*p + 4*q. What are the prime factors of p?
2, 23, 79
Let m(l) = -l**3 + 4*l**2 + 7*l - 10. Let p be m(5). Let x = p + 3. Suppose -x*u - 2*u = -45. What are the prime factors of u?
3
Suppose -p = -4*p. Let k = -77 + 82. Suppose p = -k*y + 25, -1 = -5*h + 5*y - 11. What are the prime factors of h?
3
Let x be 0/((-3)/4 + 8/(-32)). List the prime factors of ((-4)/(-2))/(2/72 + x).
2, 3
Let g be 1251 - (8/(-6))/((-8)/(-12)). Suppose 0 = -9*h - 164 + g. List the prime factors of h.
11
Suppose 2*c + 0*c = 14. Let p = -5 + c. Suppose 2*t + 4*l = 3*l + 11, -3*t - p*l = -16. What are the prime factors of t?
2, 3
Let a be (8/(-6) + (-176)/(-96))*0. Suppose -128 = -a*f - f. What are the prime factors of f?
2
Let i(f) = 2*f + 6. Let r = -27 - -32. What are the prime factors of i(r)?
2
Let r(q) = 104*q**2 + 184*q + 2. What are the prime factors of r(-4)?
2, 3, 5, 31
Suppose -16 + 0 = -4*b. Suppose -3*c + c + 18 = 2*x, -b*x = 3*c - 26. List the prime factors of c.
2, 5
Let t be -4 + 10 + -1 + -1. Suppose 4*q - 3*o - 56 = 0, t*q + 3*o - 56 = -2*o. Let r = q - -23. What are the prime factors of r?
37
Let w(k) = -k**3 - 2*k**2. Let o be w(-2). Suppose 0 = -2*z - 0*z. Suppose -4*a + z*a + 112 = o. What are the prime factors of a?
2, 7
Suppose 1760 = -4*k + 6*k. Suppose 1736 = 6*b - k. What are the prime factors of b/18 + 24/(-108)?
2, 3
Suppose 5*i - a + 508 = 7*i, a = -3*i + 760. What are the prime factors of i?
2, 3, 7
Let u(d) = 10*d**2 - 39*d - 25. List the prime factors of u(-8).
3, 103
Suppose 4 = 4*h, 16*t - h - 2684 = 13*t. What are the prime factors of t?
5, 179
Let z(h) = h + 1. Let b = 30 - 29. Let g be z(b). Suppose g*u + 3*p - 47 = 0, -u - 2*p = 12 - 33. List the prime factors of u.
31
Suppose 1 = -3*n + 13. Suppose n*f - 48 = 32. List the prime factors of f.
2, 5
Let x = -482 + 842. What are the prime factors of x?
2, 3, 5
Suppose 0 = -24*s + 18478 + 2762. List the prime factors of s.
3, 5, 59
Suppose -3*u = 5*w - 8*u - 995, 201 = w - 3*u. List the prime factors of w.
2, 3, 11
Let a(x) = -x**2 - 16*x - 31. Let m be a(-14). What are the prime factors of (-2 + (-7)/m)*(592 - -26)?
2, 103
What are the prime factors of (12 - (2 + 9 - 5)) + 1817?
1823
Suppose -6039 = -3*l - 2*z, 5*z + 47 - 62 = 0. List the prime factors of l.
2011
List the prime factors of (5 + 38)*6/6.
43
Suppose -18 = -12*u + 3*u. List the prime factors of ((-49)/u + 1)*(1 + -3).
47
Suppose 0 = -3*p - 3 - 6. Let f be p - (1 + -1) - -39. Suppose -3*k = -k - f. List the prime factors of k.
2, 3
Let r(q) = q**2 + 12*q + 4. Let n be r(-18). Let d = -39 + n. What are the prime factors of d?
73
Let z = 69 + -35. What are the prime factors of z?
2, 17
Let t = 3 + 0. Let f(i) = -5*i**2 - 4*i**3 - 5*i + 6 + 10*i**3 - 5*i**t + 2. List the prime factors of f(6).
2, 7
Let r(q) = 10*q - 29. Let s(f) = 50*f - 146. Let n(z) = 14*r(z) - 3*s(z). What are the prime factors of n(-10)?
2, 3, 11
Suppose 0 = -3*k - 1 + 10. Let d be k - ((-8)/(-4) - -73). What are the prime factors of 1020/27 - 16/d?
2, 19
Let u = -6 - -11. Let w be (-1 + 8/6)/(3/18). Suppose -w*c = u*x - 116 - 152, 0 = 2*x - c - 100. What are the prime factors of x?
2, 13
Suppose -9*y - 8 = 19. Let p(b) = 0*b + 3 + 2*b - 1 + 5*b**2 - 3*b. What are the prime factors of p(y)?
2, 5
List the prime factors of (-6)/9 + 1 - 33324/(-36).
2, 463
Suppose -4*q + 3*a = q - 30, -4*q - 5*a + 24 = 0. Suppose -q*v + 11*v = 215. List the prime factors of v.
43
Let y(i) = -5*i**2 + 9*i - 20. Let u be y(6). What are the prime factors of 1*(5 + -2 - u)?
149
Suppose 197 = -5*d + 1077. Suppose -d = -4*b - 12. What are the prime factors of b?
41
Let m = -1404 + 2143. What are the prime factors of m?
739
Suppose 511 + 1275 = 2*z. What are the prime factors of 